 be 2/i*(2 - 6). What is the tens digit of r(t)?
1
Let b = 3 + 3. Suppose -s + 10 = b*a - 2*a, 5*a - 5*s - 25 = 0. Suppose a*f = -f + 200. What is the units digit of f?
0
Let i = -4 - 6. Let z(h) = -5*h**3 + 9*h**2 - 8*h - 5. Let y(d) = 14*d**3 - 27*d**2 + 24*d + 13. Let b(a) = 6*y(a) + 17*z(a). What is the tens digit of b(i)?
1
Let q be (-2)/(-5) + (-12)/(-20). Let b(t) = -t**2 - t. Let y be b(q). What is the units digit of y/8 + 438/24?
8
Let d be (29/6)/((-3)/(-18)). Suppose -2*h - d = b - 13, 20 = -4*h + 4*b. What is the units digit of 35 - (h - -3 - -2)?
7
Let r = 4 - 4. Suppose -2*l + 6*l = r. Suppose -x + 7 + 30 = l. What is the tens digit of x?
3
Let d = -2 + 5. Let m be (-33)/d + 4/(-1). What is the units digit of ((-13)/(-3))/((-5)/m)?
3
What is the units digit of 2484 - -16 - (-2)/(-1)?
8
Suppose 4*z + 0*z = 140. Let p = z - 14. Suppose -s + 3*u = 7*u - p, -u = 2*s - 21. What is the units digit of s?
9
Let z(w) = -2*w + 2. Let y be z(6). Let x be 188/y + 14/(-70). Let j = 65 + x. What is the tens digit of j?
4
Let w(j) be the third derivative of -j**4/4 + 85*j**3/3 + 35*j**2. What is the units digit of w(0)?
0
Let k = 29 + -11. Let v = k + -15. Suppose r = 3*r - 2, 3*h - 18 = -v*r. What is the units digit of h?
5
Let c(a) = -2*a - 4. Let f be c(-2). Let p = 1 + 4. Suppose p*z - 83 = 4*o, f = -z + 2*o + 13. What is the tens digit of z?
1
Let h = -35 + 63. What is the hundreds digit of 64/(-6)*(-294)/h?
1
Suppose -p = -5, -4*v + v + p + 361 = 0. What is the hundreds digit of v?
1
Suppose -2*q + 5 = 3*q + b, -5*q - 20 = -4*b. Suppose -91 = -n - 5*f, -4*n - f - 3*f + 284 = q. What is the tens digit of n?
6
Let u be -4 + (-1)/((-2)/6). Let l(n) = n. Let w(a) = a**2 + 3*a - 19. Let o(v) = u*w(v) + 3*l(v). What is the tens digit of o(0)?
1
Suppose 3792 = 7*o - 12308. What is the units digit of o?
0
Suppose 5*s = -y - 538 + 4759, -5*y = 5*s - 4225. What is the tens digit of s?
4
Let h(w) = 2*w**3 + 3*w**2 - 1. Suppose 0 = -0*q + q - 4. Suppose -q*n = -0 - 8. What is the units digit of h(n)?
7
Let g(b) be the second derivative of 0 + 3*b - 1/12*b**4 - 13/2*b**2 - 19/6*b**3. What is the tens digit of g(-15)?
4
Let b(l) = 4*l**3 + 21*l**2 - 79*l + 9. What is the units digit of b(10)?
9
Suppose 5*p + 5*p - 670 = 0. What is the units digit of p?
7
Let f be -7*(3 + (-60)/3). Suppose 0 = -4*q + 11*q - f. What is the units digit of q?
7
Let k be 1*(-3 - -3) - -21. Let l be 1*k*(3 - 1). What is the units digit of (-4)/(-6)*l/4?
7
Let x be ((-98)/(-6))/(-7)*-3. Suppose 20 = -2*b + x*b. Suppose b*a = -0*a - 2*l + 258, -2*a + 131 = -l. What is the tens digit of a?
6
Let j(z) = -z**3 - 4*z**2 + 9*z + 21. Suppose -8*o + 20 = -4*o. Suppose -3*s = -2*w + 3*w - 3, -w = -o*s + 21. What is the tens digit of j(w)?
3
Suppose 4*s - 6551 = -3*n + 5*s, 3*s - 6531 = -3*n. What is the hundreds digit of n?
1
Let t be (-12*106/(-4))/(5 + -4). Suppose 267 = 3*i - t. What is the hundreds digit of i?
1
Suppose 3*l + 2 = -2*a, 0 = -5*a + 2*l - 7*l. Let t(f) = f**3 - 2 - 5 - 2 + 6*f + 12*f**a. What is the tens digit of t(-11)?
4
Suppose 4*z - 5*q + 178 = 0, z - 74 = 3*z + 5*q. Let j = -32 + 13. Let r = j - z. What is the tens digit of r?
2
Let h(c) = 9*c + 21*c + 10*c + 3. What is the tens digit of h(3)?
2
Suppose -6*a + 7*a - 373 = 5*i, -i = -4*a + 1473. Suppose 6*t - a = -14. What is the units digit of t?
9
What is the units digit of (-11423)/(-3) - (600/(-45) + 13)?
8
What is the units digit of 11*(204/(-28))/((-3)/21)?
1
Let w(x) = -x**3 - x**2 + 2*x + 2. Let s be w(-2). Let f(l) = -2*l**3 + 5*l**2 - 4*l + 4. Let d be f(s). Suppose d = 4*z + z - 220. What is the tens digit of z?
4
Let j = 129 - 27. Suppose 3*b - 9*b + j = 0. What is the tens digit of b/(5/20 - 0)?
6
Suppose 4215 = 5*x - s - 4*s, 4*x + 2*s = 3342. What is the hundreds digit of x?
8
Let k(t) = 3*t**2 - 4*t - 43*t**3 + 9*t - 4*t - 1. What is the tens digit of k(-1)?
4
Let v be (-46)/(-14) + (-14)/49. Suppose -v*p + 40 = -p. Suppose -5*s + p + 100 = 0. What is the units digit of s?
4
Let u = -3885 - -5723. Suppose -5*o + u - 533 = 0. Suppose o = 5*x + 11. What is the tens digit of x?
5
Let p = 411 + 207. What is the units digit of p?
8
Suppose -4*b = i - 623, 2*i - 11*b = -14*b + 1226. What is the hundreds digit of i?
6
Suppose 4*m + 451 = w, 0 = 4*w - 2*m - 2*m - 1792. What is the tens digit of w?
4
Suppose h = 3*g + 815, 3*h - 3*g - 1458 = 1011. What is the units digit of h?
7
Let d(k) = 5*k**2 + k - 4. Let p be d(-3). Let u be (-34)/102*(-2)/2*0. Suppose u*y - p = -2*y. What is the units digit of y?
9
Let j(y) = -8*y + 12*y**2 - 6 - 10*y - y**3 + 20*y. What is the tens digit of j(5)?
7
What is the tens digit of 7/((2/(-4))/(-15 - -7))?
1
Let k(p) = p**2 + 10*p - 9. Let h be k(-11). Suppose 0 = z + 4*r - 75, -2*r - 195 = -h*z - r. What is the units digit of z?
5
Let k be (-4)/(-3)*(16 - 13). Suppose -5*d = 2*y - 127, -2*d + k*y = -6*d + 92. What is the units digit of d?
7
Let o be 12/(-30)*-5 + 1*3. Suppose 2*x + o*t - 320 = 0, -x - x + 336 = t. What is the tens digit of x?
7
Let o(v) be the second derivative of v**3/3 - 19*v**2/2 + 5*v - 3. Let f(r) = 10*r + 1. Let g be f(1). What is the units digit of o(g)?
3
Let l(x) be the first derivative of -23*x**2/2 + 10*x - 9. What is the tens digit of l(-4)?
0
What is the thousands digit of -5 - -2163*(-20)/(-30)?
1
Suppose 0 = -4*c + 525 + 1151. Suppose -3*a + c = 104. What is the hundreds digit of a?
1
Suppose -2*u = -3*u - t - 1, -5*t = 2*u + 2. What is the units digit of (-2375)/38*u/(1/2)?
5
Let r be (-72)/(-21) + (-12)/(-21). Suppose -56 = r*c - 324. What is the units digit of c?
7
Suppose 8*a = -303 + 23. What is the tens digit of (1344/a)/(3/15*-1)?
9
Suppose -38*m + 40*m = -4. What is the tens digit of (-49 - -4)*(m - (0 - 0))?
9
Suppose -3*y = -0*y - 204. Let f = y - 38. What is the tens digit of f?
3
Let u = 18 - 16. Suppose 14 = 3*c + u. Suppose -9 = x + 2*x, x - 9 = -c*w. What is the units digit of w?
3
Suppose 113 = l - 2*m, l - 4*m + 369 = 4*l. What is the tens digit of l?
1
What is the units digit of (-20)/(-6)*8/((-48)/(-585))?
5
Let x(a) = -21*a - 2. Let u = -20 + 16. Let p be 4/(3/(6/u)). What is the tens digit of x(p)?
4
Let j(z) be the first derivative of 15*z**2/2 + 16*z + 9. Let o be j(12). Suppose o = 4*a - 5*b, -5*b = -0*a + 4*a - 236. What is the units digit of a?
4
Suppose -25 = 5*r, 4*r + 3934 = 5*l - 816. What is the units digit of l?
6
Let o(u) = -48*u**2 + 1. Let w be o(1). Let x = w + 81. What is the units digit of x?
4
Let o(s) = 2*s - 32. Let l be o(18). Suppose -2*h + 3 = l*d - 223, 0 = 3*h - d - 332. What is the hundreds digit of h?
1
Let c(t) = t**3 + 2*t**2 - 5*t - 2. Suppose 5*v = -2*i - 26, 3*v = -19 + 7. Let g be c(i). Suppose -9 = -n - g. What is the units digit of n?
5
Let z = 15 + -21. Let x be -210*(-3 - 15/z). Let s = x - 32. What is the units digit of s?
3
Suppose -4*r + 3*r + 23 = 0. Let m be (-6)/24 - (-1)/4*53. Suppose 0 = -2*j + m + r. What is the units digit of j?
8
Let d be -1 + -2 + 1 + 1362 + 0. Suppose -d = 17*a - 25*a. What is the units digit of a?
0
Suppose -4*q + 1070 = i, 0 = 2*i - 4. What is the units digit of q?
7
Suppose -r - 2*z - 32 = -0*z, 2*z = -2*r - 62. Let u = 48 + r. What is the tens digit of (-2244)/(-108) - (-4)/u?
2
Let q = 3 + 4. Suppose -238 = -0*l - q*l. What is the tens digit of l?
3
Let s(l) = l - 3. Let f be s(7). Suppose -4*t + 3*b = -5, 0 = -f*t - 5*b + 2 + 11. Let m = 10 + t. What is the units digit of m?
2
Suppose -7*g = 5*g. Suppose 3*m - 144 - 159 = g. What is the hundreds digit of m?
1
Let w = 7 - 3. Suppose m - 10 = -w*m. What is the units digit of m?
2
Let p(x) = x**2 + 24*x - 21. Let k be p(-25). Suppose 0 = -3*d - k*j + 509, 3*d + d - 4*j - 632 = 0. What is the hundreds digit of d?
1
Suppose 9 = -o - 43. What is the tens digit of -4 + (o + -2)/(-1)?
5
Let s(d) = 67*d**3 + 4*d - 5. What is the tens digit of s(2)?
3
Let r be 4/(-8)*(-76)/2. Suppose -4*s + 18 = -106. Let x = s - r. What is the tens digit of x?
1
Let k(n) be the second derivative of -n**5/20 - 3*n**4/4 - 11*n**3/6 - 3*n**2 + n + 2. Let m(g) = -g - 1. Let q be m(7). What is the tens digit of k(q)?
1
Suppose -11 = g + 1. What is the tens digit of 21/g*(-26 + 2)?
4
What is the tens digit of (3 + 612/(-8))/(